t k be o(13). Let s = k + -23. Let q be s/(((-63)/10)/3 - -2). Calculate the highest common factor of 20 and q.
20
Let d(v) = 10*v - 19. Let o(c) = -2*c + 5. Let l be o(1). Let z be d(l). Let w be (-4)/(-14) - 1074/(-14). Calculate the highest common factor of z and w.
11
Suppose -3*v + 77 = 5*r + 8, 5*v - 20 = -2*r. Suppose -66 = -r*y + 4*y. What is the highest common factor of y and 21?
3
Suppose 0 = -3*o - 6*b + 3*b + 27, 10*o - 3*b = 103. Suppose -5*q = -3692 + 242. What is the highest common divisor of q and o?
10
Let w be -2 + (-118)/(-8) - 4*13/(-208). Let k(c) = -c**3 + 11*c**2 - 3*c - 6. Let a be k(7). Calculate the highest common divisor of a and w.
13
Suppose -28*m = -41*m + 34*m. Suppose m = -17*x - 275 + 1057. Let w = 99 + 16. What is the highest common divisor of w and x?
23
Let i = -185 - -276. Let y be (-520)/i*14/(-4). Suppose -2*p - 3*k = 3*p - 94, p + 2*k = 16. Calculate the highest common divisor of p and y.
20
Let t = 88 + -35. Suppose -3*g - t = -i, 3*i - 37 = 2*g + 4*i. Let l = -12 - g. Calculate the greatest common factor of l and 9.
3
Let f(q) = -52*q + 248. Let c be f(-4). Calculate the highest common factor of c and 96.
24
Let n = 4617 - 4527. Suppose -2*f = 3*j - 126, 9 = j - 4*f - 19. Calculate the highest common factor of j and n.
10
Let l be (-62 - -72) + 15 + -3. What is the greatest common divisor of 4169 and l?
11
Let w(g) = -2*g**2 - 8*g - 16. Let l be w(-3). Let m be 304/10 - (312/30 + l). Calculate the greatest common divisor of 190 and m.
10
Let u = -2555 - -2565. Let c be (-5 + -1)*(-2)/4. Suppose 0 = c*q + 3 - 33. Calculate the greatest common factor of q and u.
10
Let v(l) = 141*l**2 - 9*l - 21. Let u(s) = 35*s**2 - 2*s - 5. Let k(z) = 26*u(z) - 6*v(z). Let a be k(-2). What is the highest common factor of a and 31?
31
Let y(z) = 29*z**2 - 193*z - 1201. Let l be y(-6). What is the greatest common divisor of l and 637?
91
Suppose 3*g - 19 = 2*x, g - 2*x = -0*x + 9. Suppose -5*o - 600 = -2*z - 189, 0 = -5*z + g*o + 1005. What is the highest common factor of z and 22?
22
Suppose 139*d + 14*d - 139230 = 0. Calculate the highest common divisor of 286 and d.
26
Suppose 3*y + 53 = 2*g - 2*y, -49 = -2*g + y. Let r be (2400/(-28))/((-6)/21*((3 - 8) + 6)). What is the greatest common divisor of g and r?
12
Let k(r) = -10*r**3 + 10*r**2 + 184*r + 1766. Let i be k(-10). Calculate the highest common divisor of 18 and i.
18
Suppose 0 = -v + 6*v - 295 - 325. What is the greatest common divisor of v and 7502?
62
Let p(l) = -l**3 - 27*l**2 - 191*l - 105. Let j be p(-22). Calculate the greatest common divisor of j and 91.
13
Let h = 10 + -6. Suppose 3*d + 2 = 4*d, -7 = -3*j + h*d. Suppose -j*p + 806 = 306. Calculate the highest common divisor of p and 40.
20
Let b be (-334)/(-7) + (-2)/(-7). Let l(c) = -c**3 + 24*c**2 + 155*c - 2342. Let y be l(26). Calculate the greatest common divisor of b and y.
48
Suppose 4*m = 4*f - 392, 2*m = 3*f - 82 - 109. Let k = -97 - m. Calculate the highest common divisor of 16 and k.
2
Let z(c) = -c**3 - 15*c**2 + 21*c + 86. Let w be z(-16). Suppose 5*y - 180 = -5*l, 2*y - w*l - 71 = -9*l. Calculate the highest common divisor of 259 and y.
37
Let v be 3 + (-115)/(-25) + 2/5. Suppose 1179 = v*y + 899. What is the greatest common factor of 28 and y?
7
Let s(f) = -3*f**2 - 162*f + 1214. Let k be s(-60). Calculate the greatest common factor of k and 21038.
134
Suppose 0 = 85*z - 69*z - 15360. What is the greatest common divisor of 128 and z?
64
Let n = -4042 + 4150. What is the greatest common factor of n and 588?
12
Let n(r) be the third derivative of r**6/10 + r**4/12 - r**3/3 + 10*r**2. Let s be n(1). Suppose 6*v - 31 - 5 = 0. What is the highest common factor of s and v?
6
Let p be 17775 + 0/(0 + 1 + 6 + -9). What is the highest common divisor of p and 675?
225
Let u be (-382)/(-3) + (-2)/(-3). Suppose -11*f + 56*f = -810. Let v be (-1)/(f/(-48))*-6. Calculate the greatest common factor of v and u.
16
Suppose 33*p = -61*p + 101520. What is the greatest common divisor of p and 10?
10
Let f(i) = -5*i + 7. Let g be f(4). Let m = g + 16. Suppose 2*a - m*c = 41, 0 = -0*a + a - c - 20. Calculate the highest common factor of a and 171.
19
Suppose 118*z - 1265 = -3*a + 113*z, 0 = 4*z - 4. Calculate the highest common divisor of 20370 and a.
210
Let p = -3234 - -3294. Calculate the highest common divisor of p and 3840.
60
Let b(f) = 3*f**3 - 7*f**2 + 29*f - 116. Let o be b(4). Calculate the highest common divisor of o and 1232.
16
Let z be (608/152)/(12/38895). Calculate the greatest common divisor of z and 5.
5
Let j(k) = k**2 - 10*k - 18. Let a(x) = -6*x + 9. Let t be a(-6). Let c = t + -32. Let n be j(c). What is the highest common divisor of 147 and n?
21
Let s = -15 + 23. Let q be s/(-10)*-1*25/(-5). Let g be (-58)/(-10) - (q/(-10))/(-2). What is the greatest common factor of 42 and g?
6
Suppose -36*y - 39 = -39*y. Suppose -98 = o - 6*o - 4*b, -y = -o - 3*b. Calculate the highest common factor of o and 88.
22
Let b(d) = -89*d**3 + 7*d + 5. Let m be (2/(-5))/((-16)/(-80)). Let v be b(m). Calculate the highest common factor of v and 19.
19
Suppose -1 = 10*b - 21. Suppose -3*t + 6*l + 102 = 7*l, 2*t - 76 = b*l. Calculate the highest common factor of 140 and t.
35
Let l(t) = t + 32. Suppose 0 = 14*n - 7*n - 56. Let v be l(n). What is the highest common factor of v and 40?
40
Suppose 5*i - 4*c = 4242 + 9080, -3*c = -3*i + 7995. Calculate the highest common factor of i and 2904.
242
Let w = -25756 + 27181. Calculate the greatest common divisor of 2550 and w.
75
Let b = 45 + -40. Suppose -3*r + 132 = -w, -r + 2*r - b*w - 44 = 0. Calculate the greatest common divisor of 12 and r.
4
Suppose 3*u = 179 + 94. Let w(l) = -l**2 - 48*l + 7. Let f be w(0). Calculate the highest common factor of u and f.
7
Let z be (-2 - -1)/(1/(-11)). Suppose 32*b - 51*b + 380 = 0. Let g(j) = -4*j + 91. Let l be g(b). What is the greatest common divisor of l and z?
11
Suppose -338*h + 5682 = -330*h - 7046. Calculate the highest common factor of 185 and h.
37
Suppose 84*t + 50 - 302 = 0. Calculate the highest common divisor of t and 453.
3
Let y be ((-4)/10)/((-3)/(-615)). Let o = y - -140. What is the highest common factor of 145 and o?
29
Let y be (-24)/84 + (-2 - (-718)/14). What is the highest common factor of 119 and y?
7
Suppose -24*p + 4*p = -160. Suppose -12 - 36 = -p*h. What is the greatest common divisor of h and 24?
6
Let l be (38/(-12) + (-16)/(-24))*2. Let c = l + 3. Let t be (183/(-2))/(-1) + c/4. What is the greatest common factor of 13 and t?
13
Let b(u) = 3*u**2 - 162*u + 1730. Let i be b(14). What is the greatest common factor of 2930 and i?
10
Suppose 3*y = -0 - 9, 3*h = 5*y + 33. Let s be -3 + 5 + (-10)/5. Suppose s = 7*d - 4 - 24. Calculate the greatest common divisor of d and h.
2
Let k be -6*1/(-14) + (-474)/(-21). Suppose k*c + 169 = 36*c. What is the greatest common factor of 299 and c?
13
Let d = -334 + 595. Suppose -2*o + d = 23. Let c = -24 + 41. What is the greatest common factor of c and o?
17
Let d = -325 - -340. Suppose -d*v + 300 + 60 = 0. Calculate the greatest common divisor of 552 and v.
24
Let r be -3 - -2 - (0 + 1). Let a be (r/1)/((-4)/20). Let i(l) = -3*l**2 + 77*l - 404. Let m be i(18). What is the highest common divisor of m and a?
10
Let i(q) = -q**3 - 6*q**2 + 11*q + 8. Let t be i(-6). Let x be t/(-232) + (-99)/(-4). Calculate the highest common divisor of x and 10.
5
Let g = 218 - 213. Suppose 2*a - 172 - 61 = -o, -o - 565 = -g*a. Calculate the greatest common divisor of a and 190.
38
Let j(i) = 9*i**2 - 2*i - 4. Let q(c) = -c**2 - 5*c + 11. Let n be q(-5). Suppose n + 7 = -9*k. Let z be j(k). Calculate the highest common divisor of 24 and z.
12
Let x = -4267 - -4411. What is the highest common divisor of 60 and x?
12
Let b = 10829 - 9969. What is the greatest common divisor of 180 and b?
20
Let m be 76/10 - (-56)/140. Suppose x = 4*d + 1, 0 = 4*x + x + d + 16. Let y = x - -7. Calculate the greatest common divisor of y and m.
4
Suppose 7*i - 1396 = 1516. Let l = -164 + i. What is the greatest common divisor of 18 and l?
18
Suppose 7*c - 4403 - 1566 = 268. What is the highest common factor of c and 729?
81
Suppose 5*v - 2*m - 4028 = 0, -v + 4*m + 1043 - 223 = 0. What is the greates